{"id":114,"date":"2020-07-22T18:38:56","date_gmt":"2020-07-22T16:38:56","guid":{"rendered":"https:\/\/www.achbelrezig.com\/fr\/?page_id=114"},"modified":"2020-07-22T18:38:56","modified_gmt":"2020-07-22T16:38:56","slug":"presentation","status":"publish","type":"page","link":"https:\/\/www.achbelrezig.com\/fr\/presentation\/","title":{"rendered":"Pr\u00e9sentation"},"content":{"rendered":"\n<p class=\"has-medium-font-size\">Pr\u00e9sentation du groupe<br>Le Groupe \u00e9ducatif Achbel Rezig, votre meilleur choix pour l&rsquo;avenir de vos enfants. O\u00f9 le s\u00e9rieux et l&rsquo;organisation m\u00ealent plaisir et vitalit\u00e9. Des ann\u00e9es d&rsquo;exp\u00e9rience p\u00e9dagogique nous rendent fiers de vous offrir un ensemble de services et un cadre p\u00e9dagogique de haut niveau.<br>Nous avons une s\u00e9lection des meilleurs professeurs du secteur qui veillent sur la garantie de transmettre l&rsquo;information au c\u0153ur de l&rsquo;\u00e9tudiant avant son esprit, et sont accompagn\u00e9s des inspecteurs p\u00e9dagogiques, ils assurent la mise en \u0153uvre optimale des programmes \u00e9ducatifs.<br>L&rsquo;\u00e9l\u00e8ve est accompagn\u00e9 de sp\u00e9cialistes du d\u00e9veloppement personnel pour suivre la bonne croissance de sa personnalit\u00e9, et lui fait faire face \u00e0 l&rsquo;environnement de mani\u00e8re souple et efficace.<br>Le Groupe est situ\u00e9 dans un quartier calme \u00e0 la p\u00e9riph\u00e9rie de Dou\u00e9ra. Il se compose de deux b\u00e2timents, l&rsquo;un pour le lyc\u00e9e et l&rsquo;autre pour la partie la plus importante, il abrite l&rsquo;administration du Groupe et toutes les installations pour les \u00e9tudiants, ainsi que les classes, la salle de sport, l&rsquo;infirmerie, la salle de pri\u00e8re et la cuisine \u2026<\/p>\n","protected":false},"excerpt":{"rendered":"<p>Pr\u00e9sentation du groupeLe Groupe \u00e9ducatif Achbel Rezig, votre meilleur choix pour l&rsquo;avenir de vos enfants. O\u00f9 le s\u00e9rieux et l&rsquo;organisation m\u00ealent plaisir et vitalit\u00e9. Des ann\u00e9es d&rsquo;exp\u00e9rience p\u00e9dagogique nous rendent fiers de vous offrir un ensemble de services et un cadre p\u00e9dagogique de haut niveau.Nous avons une s\u00e9lection des meilleurs professeurs du secteur qui veillent<\/p>\n<a href=\"https:\/\/www.achbelrezig.com\/fr\/presentation\/\" class=\"btn frontech-btn\"><span><\/span>Voir plus<\/a>","protected":false},"author":1,"featured_media":0,"parent":0,"menu_order":0,"comment_status":"closed","ping_status":"closed","template":"page-fullwidth.php","meta":[],"_links":{"self":[{"href":"https:\/\/www.achbelrezig.com\/fr\/wp-json\/wp\/v2\/pages\/114"}],"collection":[{"href":"https:\/\/www.achbelrezig.com\/fr\/wp-json\/wp\/v2\/pages"}],"about":[{"href":"https:\/\/www.achbelrezig.com\/fr\/wp-json\/wp\/v2\/types\/page"}],"author":[{"embeddable":true,"href":"https:\/\/www.achbelrezig.com\/fr\/wp-json\/wp\/v2\/users\/1"}],"replies":[{"embeddable":true,"href":"https:\/\/www.achbelrezig.com\/fr\/wp-json\/wp\/v2\/comments?post=114"}],"version-history":[{"count":1,"href":"https:\/\/www.achbelrezig.com\/fr\/wp-json\/wp\/v2\/pages\/114\/revisions"}],"predecessor-version":[{"id":115,"href":"https:\/\/www.achbelrezig.com\/fr\/wp-json\/wp\/v2\/pages\/114\/revisions\/115"}],"wp:attachment":[{"href":"https:\/\/www.achbelrezig.com\/fr\/wp-json\/wp\/v2\/media?parent=114"}],"curies":[{"name":"wp","href":"https:\/\/api.w.org\/{rel}","templated":true}]}}

Présentation

<p class="has-medium-font-size">Présentation du groupe<br>Le Groupe éducatif Achbel Rezig, votre meilleur choix pour l&rsquo;avenir de vos enfants. Où le sérieux et l&rsquo;organisation mêlent plaisir et vitalité. Des années d&rsquo;expérience pédagogique nous rendent fiers de vous offrir un ensemble de services et un cadre pédagogique de haut niveau.<br>Nous avons une sélection des meilleurs professeurs du secteur qui veillent sur la garantie de transmettre l&rsquo;information au cœur de l&rsquo;étudiant avant son esprit, et sont accompagnés des inspecteurs pédagogiques, ils assurent la mise en œuvre optimale des programmes éducatifs.<br>L&rsquo;élève est accompagné de spécialistes du développement personnel pour suivre la bonne croissance de sa personnalité, et lui fait faire face à l&rsquo;environnement de manière souple et efficace.<br>Le Groupe est situé dans un quartier calme à la périphérie de Douéra. Il se compose de deux bâtiments, l&rsquo;un pour le lycée et l&rsquo;autre pour la partie la plus importante, il abrite l&rsquo;administration du Groupe et toutes les installations pour les étudiants, ainsi que les classes, la salle de sport, l&rsquo;infirmerie, la salle de prière et la cuisine …</p>

<p>Présentation du groupeLe Groupe éducatif Achbel Rezig, votre meilleur choix pour l&rsquo;avenir de vos enfants. Où le sérieux et l&rsquo;organisation mêlent plaisir et vitalité. Des années d&rsquo;expérience pédagogique nous rendent fiers de vous offrir un ensemble de services et un cadre pédagogique de haut niveau.Nous avons une sélection des meilleurs professeurs du secteur qui veillent</p>
<a href="https://www.achbelrezig.com/fr/presentation/" class="btn frontech-btn"><span></span>Voir plus</a>
