{"id":98,"date":"2020-07-22T18:19:07","date_gmt":"2020-07-22T16:19:07","guid":{"rendered":"https:\/\/www.achbelrezig.com\/fr\/?page_id=98"},"modified":"2022-12-10T14:06:46","modified_gmt":"2022-12-10T13:06:46","slug":"activites","status":"publish","type":"page","link":"https:\/\/www.achbelrezig.com\/fr\/activites\/","title":{"rendered":"Activit\u00e9s"},"content":{"rendered":"\n<p class=\"has-large-font-size\">Activit\u00e9s<\/p>\n\n\n\n<figure class=\"wp-block-image size-large\"><img decoding=\"async\" loading=\"lazy\" width=\"1024\" height=\"498\" src=\"https:\/\/www.achbelrezig.com\/fr\/wp-content\/uploads\/2022\/12\/20200709_114639-1024x498.jpg\" alt=\"\" class=\"wp-image-177\" srcset=\"https:\/\/www.achbelrezig.com\/fr\/wp-content\/uploads\/2022\/12\/20200709_114639-1024x498.jpg 1024w, https:\/\/www.achbelrezig.com\/fr\/wp-content\/uploads\/2022\/12\/20200709_114639-300x146.jpg 300w, https:\/\/www.achbelrezig.com\/fr\/wp-content\/uploads\/2022\/12\/20200709_114639-768x374.jpg 768w, https:\/\/www.achbelrezig.com\/fr\/wp-content\/uploads\/2022\/12\/20200709_114639-1536x747.jpg 1536w, https:\/\/www.achbelrezig.com\/fr\/wp-content\/uploads\/2022\/12\/20200709_114639-2048x996.jpg 2048w\" sizes=\"(max-width: 1024px) 100vw, 1024px\" \/><\/figure>\n\n\n\n<p class=\"has-medium-font-size\">Le Groupe m\u00e8ne plusieurs activit\u00e9s internes et externes, dont certaines sont p\u00e9riodiques selon le calendrier des \u00e9v\u00e9nements et d&rsquo;autres qui sont exceptionnelles ou circonstancielles. Le but de ces activit\u00e9s est d&rsquo;accomplir pleinement la mission \u00e9ducative, car c&rsquo;est aussi dans le but de fournir un cadre et une atmosph\u00e8re g\u00e9n\u00e9rale qui contribuent \u00e0 am\u00e9liorer la vie sociale dans nos \u00e9coles, et augmentent les opportunit\u00e9s de construire la personnalit\u00e9 de l&rsquo;\u00e9l\u00e8ve de mani\u00e8re efficace et positive qui se traduisent par ses r\u00e9sultats scolaires meilleurs.<\/p>\n","protected":false},"excerpt":{"rendered":"<p>Activit\u00e9s Le Groupe m\u00e8ne plusieurs activit\u00e9s internes et externes, dont certaines sont p\u00e9riodiques selon le calendrier des \u00e9v\u00e9nements et d&rsquo;autres qui sont exceptionnelles ou circonstancielles. Le but de ces activit\u00e9s est d&rsquo;accomplir pleinement la mission \u00e9ducative, car c&rsquo;est aussi dans le but de fournir un cadre et une atmosph\u00e8re g\u00e9n\u00e9rale qui contribuent \u00e0 am\u00e9liorer la<\/p>\n<a href=\"https:\/\/www.achbelrezig.com\/fr\/activites\/\" class=\"btn frontech-btn\"><span><\/span>Voir plus<\/a>","protected":false},"author":1,"featured_media":0,"parent":0,"menu_order":0,"comment_status":"closed","ping_status":"closed","template":"page-fullwidth.php","meta":[],"_links":{"self":[{"href":"https:\/\/www.achbelrezig.com\/fr\/wp-json\/wp\/v2\/pages\/98"}],"collection":[{"href":"https:\/\/www.achbelrezig.com\/fr\/wp-json\/wp\/v2\/pages"}],"about":[{"href":"https:\/\/www.achbelrezig.com\/fr\/wp-json\/wp\/v2\/types\/page"}],"author":[{"embeddable":true,"href":"https:\/\/www.achbelrezig.com\/fr\/wp-json\/wp\/v2\/users\/1"}],"replies":[{"embeddable":true,"href":"https:\/\/www.achbelrezig.com\/fr\/wp-json\/wp\/v2\/comments?post=98"}],"version-history":[{"count":2,"href":"https:\/\/www.achbelrezig.com\/fr\/wp-json\/wp\/v2\/pages\/98\/revisions"}],"predecessor-version":[{"id":178,"href":"https:\/\/www.achbelrezig.com\/fr\/wp-json\/wp\/v2\/pages\/98\/revisions\/178"}],"wp:attachment":[{"href":"https:\/\/www.achbelrezig.com\/fr\/wp-json\/wp\/v2\/media?parent=98"}],"curies":[{"name":"wp","href":"https:\/\/api.w.org\/{rel}","templated":true}]}}

Activités

<p class="has-large-font-size">Activités</p>



<figure class="wp-block-image size-large"><img decoding="async" loading="lazy" width="1024" height="498" src="https://www.achbelrezig.com/fr/wp-content/uploads/2022/12/20200709_114639-1024x498.jpg" alt="" class="wp-image-177" srcset="https://www.achbelrezig.com/fr/wp-content/uploads/2022/12/20200709_114639-1024x498.jpg 1024w, https://www.achbelrezig.com/fr/wp-content/uploads/2022/12/20200709_114639-300x146.jpg 300w, https://www.achbelrezig.com/fr/wp-content/uploads/2022/12/20200709_114639-768x374.jpg 768w, https://www.achbelrezig.com/fr/wp-content/uploads/2022/12/20200709_114639-1536x747.jpg 1536w, https://www.achbelrezig.com/fr/wp-content/uploads/2022/12/20200709_114639-2048x996.jpg 2048w" sizes="(max-width: 1024px) 100vw, 1024px" /></figure>



<p class="has-medium-font-size">Le Groupe mène plusieurs activités internes et externes, dont certaines sont périodiques selon le calendrier des événements et d&rsquo;autres qui sont exceptionnelles ou circonstancielles. Le but de ces activités est d&rsquo;accomplir pleinement la mission éducative, car c&rsquo;est aussi dans le but de fournir un cadre et une atmosphère générale qui contribuent à améliorer la vie sociale dans nos écoles, et augmentent les opportunités de construire la personnalité de l&rsquo;élève de manière efficace et positive qui se traduisent par ses résultats scolaires meilleurs.</p>

<p>Activités Le Groupe mène plusieurs activités internes et externes, dont certaines sont périodiques selon le calendrier des événements et d&rsquo;autres qui sont exceptionnelles ou circonstancielles. Le but de ces activités est d&rsquo;accomplir pleinement la mission éducative, car c&rsquo;est aussi dans le but de fournir un cadre et une atmosphère générale qui contribuent à améliorer la</p>
<a href="https://www.achbelrezig.com/fr/activites/" class="btn frontech-btn"><span></span>Voir plus</a>
